 tens digit of g(5)?
5
Suppose -3*g + 227*j + 26453 = 229*j, 4*j = -2*g + 17646. What is the hundreds digit of g?
8
Let h(l) = 12*l - 51. Let i be h(6). Suppose 6*d - 9 = i. Suppose 5*k = 3*s - 310, d*s - 252 = 4*k + 269. What is the units digit of s?
5
Suppose 0 = -3*k - h + 21, -5*h - 30 = -3*k - 9*h. What is the tens digit of 4/k + (0 - (-590)/15)?
4
Suppose 2*j + 7085 = 3*n + 2*n, 2*n = -4*j + 2834. What is the units digit of n?
7
Let x be (58/3)/(4/18). Suppose -3*j + 21 = 0, -9*k + 5*k + 14 = 2*j. Suppose 5*m + k*w - w - x = 0, w = -2*m + 32. What is the tens digit of m?
1
Let v(d) = 822*d**2 + 555*d + 5512. What is the units digit of v(-10)?
2
Let i(y) = y**2 - 3*y - 225. What is the units digit of i(25)?
5
Suppose -4*m + 9*u = 8*u - 1115, -m = 4*u - 283. Suppose 0 = 5*d - p - 33 + 906, 694 = -4*d + 3*p. Let l = m + d. What is the units digit of l?
4
Let f(x) = x**3 - 6*x**2 - 10*x + 16. Suppose 2*q + 4*v = 2, -q + v + 6 + 4 = 0. Let b be f(q). What is the units digit of 1/b + (-2328)/(-40)?
8
Let q = 25184 - 12402. What is the thousands digit of q?
2
Suppose 15*c - 120 = -0*c. Suppose f - 1962 = -c*f. What is the units digit of f?
8
Let g be (4/(-16)*-2)/(-1)*-274. Let l = 10 + g. Suppose -l = -q - 14. What is the tens digit of q?
3
Suppose -2167*x + 2171*x = -16, 3*k - x - 75706 = 0. What is the ten thousands digit of k?
2
Let q = 30584 + 1887. What is the hundreds digit of q?
4
Let f = 9404 - 6320. What is the units digit of f?
4
Let b(d) = -13*d**3 + 11*d**2 + 16*d - 19. Let v(m) = -3*m**3. Let r(g) = b(g) - 4*v(g). What is the hundreds digit of r(11)?
1
Let r(j) = -28*j**3 - 3*j**2 - 5*j. Let f(x) = -84*x**3 - 9*x**2 - 16*x. Let o(a) = 3*f(a) - 8*r(a). What is the units digit of o(-3)?
3
Let n be (6384/7 - -4) + 6. Let h(d) = -10*d**3 - 6*d**2 - 3*d - 8. Let j be h(-4). Suppose 3*l + 2*r - j = 0, 2*r + n + 18 = 5*l. What is the units digit of l?
6
Let k(j) = -35*j - 41. Suppose -u = -5*u - 32. Let t be k(u). What is the tens digit of (9 - t)/(-1 - 1)?
1
Let f(w) = -w**2 + 5*w + 9. Let u be f(10). Let t = -35 - u. Suppose -46 = t*k - 8*k. What is the units digit of k?
3
What is the units digit of 514788/9 - (-1320)/(-495)?
6
Let n be (3/15)/((-5)/(-175)). What is the tens digit of n*((10/(-2) - -10) + -2)?
2
Let l = -20520 - -46052. What is the units digit of l?
2
Let h(o) = -o**3 - 5*o**2 + 2*o + 10. Let t be h(-5). Suppose t = -7*f + 1268 + 62. What is the tens digit of f?
9
What is the thousands digit of 4/8*-10 + 10999?
0
What is the thousands digit of (45*(-253)/(-138))/((-3)/(-596))?
6
Let d(o) = 5*o - 4*o**2 + 5 + o**2 - 67*o**3 + 68*o**3. Let j be d(3). Suppose -k = -27 + j. What is the units digit of k?
7
Let d(l) = l**2 + 7*l + 2. Let s be d(-4). Let k(o) = -3*o**2 - 24*o - 20. Let h be k(s). Let j = 109 + h. What is the tens digit of j?
2
Let t be (-2024)/136 + 2 + (-6)/51. Let d(a) = a**3 + 7 + 11 + 4*a**2 + 11*a**2 + 20*a. What is the tens digit of d(t)?
9
Suppose -1346 = -3*t - 5*s + s, 0 = -5*s - 20. Suppose 0 = 3*v - q - 3*q - 702, -2*v = 2*q - t. What is the tens digit of v?
3
Let b(x) = -2028*x - 2955. What is the ten thousands digit of b(-11)?
1
Suppose -132*z + 7748348 = -212440. What is the units digit of z?
9
Suppose -8*v = 24906 - 29495 - 82995. What is the ten thousands digit of v?
1
Let m(p) = 81*p + 6. Let w be m(2). Let j be 13/(260/w)*(-160)/(-3). Suppose 2*c = -5*a + j, 5*c + 183 = 2*a + 2*c. What is the tens digit of a?
9
Let l(c) = -451*c - 7624. What is the units digit of l(-25)?
1
What is the hundreds digit of (-9)/((-22)/(-88528)*-6)?
0
Suppose 12*b - 7*b - 10 = 0. Suppose 4*g = 5*k + 29, 5*k + b = -5*g - 18. Let o(f) = 134*f - 3. What is the tens digit of o(g)?
3
Let f(y) = y**3 + 12*y**2 + 22*y + 20. Let b be f(-10). Suppose w + 7 = 4*o - 6, b = 3*o - w - 11. Suppose -o*a - 2*a + 40 = 0. What is the units digit of a?
0
Let x = -741 + 805. Suppose -x - 10116 = -5*q. What is the units digit of q?
6
Suppose 5714 = -346*y + 347*y + 3*m, -3*m + 11413 = 2*y. What is the hundreds digit of y?
6
Let a(z) = 14*z - 84. Let j be a(6). What is the tens digit of (-185 + -13)/(j - (-6)/(-9))?
9
Suppose -76*n = -74*n + 4*k - 15360, 4*k = 3*n - 23020. What is the units digit of n?
6
Let j(k) = -702*k**3 - 7*k**2 - 15*k + 7. What is the tens digit of j(-3)?
4
Let k = -80 + 76. Let c(d) = -264*d**2 - 6*d - 3. Let w be c(k). What is the tens digit of 3 + 150/(-48) - w/24?
7
Suppose -416800 + 32688 = -8*p. What is the thousands digit of p?
8
What is the tens digit of (18 + -21)/(3/(-5700))?
0
Let p = 112 - 26. Let h be (48/4)/(-1*(-2)/p). Suppose 102 + h = 6*b. What is the units digit of b?
3
Let f be 1/(-8) + (-19890)/(-144). Let n = f + 265. What is the hundreds digit of n?
4
Suppose 4*i - g = 219 - 55, 0 = 5*i - g - 206. Suppose i*u - 4430 = 49540. What is the tens digit of u?
8
Suppose j + 5*t = -18 - 4, 0 = -3*j - t + 4. Suppose -16 = -j*c - c. Suppose c*o - p = 3*o + 111, -3*o = -p - 337. What is the units digit of o?
3
Suppose -129530 = -5*p + 4*k, -p + 379*k = 376*k - 25917. What is the thousands digit of p?
5
Let v(d) = -d**3 + 4*d**2 + 14*d + 4. Let u = -68 + 78. Let g be (18/u)/(18/120*2). What is the units digit of v(g)?
6
Suppose -4*g = -1099 + 5299. Let f = g + 1529. What is the units digit of f?
9
Let y(n) = -4*n - 16. Let j be y(-7). Suppose j*p - 40 = 2*p. What is the tens digit of -4*(p + 65/(-2))?
1
Suppose 0 = 2*g + 2*p - 4130 - 2182, g - 5*p - 3162 = 0. Suppose -22*m + 495 + g = 0. What is the hundreds digit of m?
1
Let f(a) = -a + 9. Let m be f(8). What is the tens digit of ((-1314)/54)/(m/(-3))?
7
Let t(s) = -4*s + 40. Let c be t(14). What is the units digit of (-4 - -6)*(-6 - c)?
0
Suppose 15784 + 14793 = 3*w + 4312. What is the thousands digit of w?
8
Let y = -8 - -11. Suppose 1968 = 4*f - i, 492 = -0*f + f - y*i. What is the units digit of f?
2
Let v(k) = 20*k**2 - 18*k - 63. Let l be v(-9). Suppose -4*m - 5*y = -2311, -4*m + 7*m - y - l = 0. What is the tens digit of m?
7
Suppose -21*b = -16*b - 25, 3*u + 4*b = 44600. What is the units digit of u?
0
Suppose 2*j + s = 23, 11*s - 8*s = 4*j - 31. What is the tens digit of j/((-20)/(-4) - 636/128)?
2
Let j(x) = -3*x**3 - 170*x**2 - 74*x + 15. What is the units digit of j(-57)?
2
Let h(p) = -p**3 - 15*p**2 + 22*p + 28. What is the thousands digit of h(-21)?
2
Suppose 13*f = 9*f + 64. Suppose 0 = -f*b + 20*b - 216. What is the units digit of b?
4
Let k(r) = r**3 + 19*r**2 + r - 8. Let c be k(-8). Suppose -p - 7*p = -c. Let n = -52 + p. What is the tens digit of n?
3
Let o be 1850/(-225) + ((-8)/(-18))/2. What is the units digit of 280/(o + 60/6)?
0
Suppose -42056 = -4*d + 4*t, 3*t - 170 = -164. What is the hundreds digit of d?
5
Let r be 98/10 - 19/(-95). Let q(y) = y**2 - 1. Let x(c) = 8*c**2 - 33*c - 9. Let z(l) = -4*q(l) + x(l). What is the units digit of z(r)?
5
Suppose r = 5 - 19. Let b(p) = -p**2 - 18*p - 21. Let w be b(r). Suppose -w = o - 2*o. What is the units digit of o?
5
Let w = -46 - -82. Suppose 33*k + 18 = w*k. Let y(j) = 2*j**3 - 8*j**2 - 5*j + 11. What is the tens digit of y(k)?
2
Let a = 227 + -225. What is the hundreds digit of (-10)/a*84/(-105) + 358?
3
Let y(c) = c**3 - 3*c**2 + 2*c - 5. Suppose 18*q - 32 - 40 = 0. What is the units digit of y(q)?
9
Let g(c) = 5*c + 9. Let f be g(-1). Let q be 4/f*(3 + 0). Suppose q*p - 94 = -l, -3*p - 64 = -4*l + 3*l. What is the tens digit of l?
7
Let b = -16689 + 24794. What is the thousands digit of b?
8
Suppose 34*i - 9860 = 2074. What is the tens digit of (-93)/(-31) - (-2)/1*i?
0
Let d(t) = 8*t + 13. Let w = -108 + 106. Let m be d(w). What is the tens digit of (m + (-7)/(-2))*470?
3
Let m(p) = p**3 + 2*p**2 + 3*p - 3. Let a be m(2). Let y = a + 198. What is the hundreds digit of y?
2
Let j(y) = -2*y + 7*y - 39 - 39*y. Let t be j(-9). What is the tens digit of (-3)/(-15) - t/(-15)?
1
Let b(l) = 11*l**3 + 151*l**2 - 19*l - 55. What is the units digit of b(-10)?
5
Suppose 10*a - 277 + 1087 = 0. Let s = a - -365. What is the units digit of s?
4
Let a(r) = -r - 5*r + 10*r + 204 + 2*r. What is the units digit of a(-22)?
2
Suppose -30 = -5*r - 10, -2*s = -2*r - 4330. Let c = s - 261. What is the hundreds digit of c?
9
Let i(b) = 22263*b + 1414. What is the thousands digit of i(2)?
5
Suppo